1 a prime number?
False
Is 1130981 composite?
False
Is 18704937 a prime number?
False
Is 1797793 prime?
False
Is 2981897 a composite number?
False
Is 102393061 a composite number?
False
Is 13050379 a prime number?
True
Is 4590493 composite?
True
Is 41650633 a prime number?
False
Is 28389083 a composite number?
False
Is 1151779 prime?
True
Is 183926807 a prime number?
True
Is 5653223 composite?
False
Is 5479499 prime?
False
Is 2075770435 composite?
True
Is 42790353 prime?
False
Is 10130905 prime?
False
Is 23427001 a composite number?
True
Is 2758369 prime?
False
Is 5466103 a prime number?
True
Is 10883387 composite?
True
Is 374531 a composite number?
False
Is 409337 composite?
False
Is 31031003 a prime number?
True
Is 222944713 prime?
False
Is 356758445 composite?
True
Is 598762077 a composite number?
True
Is 57110926 composite?
True
Is 378127 a composite number?
False
Is 29312263 a prime number?
True
Is 1383209 prime?
True
Is 8025441 prime?
False
Is 1636507 prime?
False
Is 234831787 prime?
False
Is 549443 a prime number?
True
Is 3602405 composite?
True
Is 17435923 prime?
True
Is 742746013 a composite number?
True
Is 12363629 a prime number?
True
Is 3760319 a prime number?
True
Is 42623027 prime?
True
Is 11241631 a composite number?
False
Is 8000417 a composite number?
True
Is 44947639 a composite number?
True
Is 192180451 prime?
True
Is 218212971 a prime number?
False
Is 857369 composite?
False
Is 63687947 a composite number?
False
Is 4473545 prime?
False
Is 3754061 a composite number?
True
Is 85819277 composite?
False
Is 2667727 composite?
False
Is 83290711 prime?
False
Is 18879457 composite?
False
Is 5925313 a prime number?
True
Is 28264909 a composite number?
False
Is 3069857 a prime number?
False
Is 16305073 prime?
True
Is 123198847 a composite number?
True
Is 135106787 prime?
True
Is 1096901 a prime number?
False
Is 18866433 a composite number?
True
Is 62773 composite?
False
Is 4419883 a composite number?
True
Is 407072689 composite?
False
Is 2475313 a prime number?
False
Is 2316101 a composite number?
False
Is 2258759 a prime number?
False
Is 131206219 composite?
False
Is 17464387 composite?
False
Is 70019909 composite?
False
Is 1229086 a prime number?
False
Is 941093 a composite number?
False
Is 101287474 composite?
True
Is 2829373 a composite number?
False
Is 6799687 composite?
False
Is 108419957 a prime number?
True
Is 491951 composite?
False
Is 86479 prime?
False
Is 1061899 a composite number?
True
Is 1129433 prime?
True
Is 2970533 a prime number?
True
Is 144264767 a composite number?
False
Is 2607217 prime?
True
Is 185606999 a prime number?
True
Is 23121471 prime?
False
Is 9101935 prime?
False
Is 4414537 a composite number?
False
Is 6563789 composite?
True
Is 32296051 composite?
False
Is 858983127 prime?
False
Is 7979915 a composite number?
True
Is 31274309 a composite number?
True
Is 208827691 composite?
False
Is 943955086 composite?
True
Is 2586581 prime?
True
Is 13447481 composite?
True
Is 9444763 prime?
True
Is 37746923 a prime number?
True
Is 1382873 prime?
False
Is 4723241 a composite number?
True
Is 2443073 a composite number?
True
Is 33197953 a prime number?
False
Is 411714155 prime?
False
Is 1743793 composite?
False
Is 35943923 a prime number?
True
Is 318501551 composite?
False
Is 20054959 prime?
False
Is 51447713 prime?
False
Is 11042887 prime?
True
Is 34477291 prime?
False
Is 3443917 a prime number?
True
Is 21873437 a prime number?
False
Is 276317 prime?
False
Is 123348353 a composite number?
True
Is 3280709 a composite number?
True
Is 490062707 a composite number?
False
Is 19229317 prime?
True
Is 8754257 composite?
False
Is 86399167 a composite number?
False
Is 238921421 a prime number?
True
Is 13237867 a prime number?
False
Is 4619353 prime?
True
Is 512891 prime?
True
Is 302856269 a composite number?
False
Is 12870491 a prime number?
False
Is 121416497 a composite number?
False
Is 3967703 a composite number?
True
Is 18979619 a composite number?
True
Is 290603567 a composite number?
False
Is 5715631 prime?
True
Is 109292363 composite?
False
Is 37443827 a prime number?
True
Is 3106859 composite?
True
Is 499729 composite?
False
Is 422266547 composite?
True
Is 618253189 prime?
False
Is 21700103 composite?
False
Is 19401191 prime?
False
Is 341964437 prime?
False
Is 105813853 prime?
True
Is 7896253 a prime number?
False
Is 2677273 prime?
True
Is 64975237 a composite number?
False
Is 174939019 composite?
False
Is 1054241 a composite number?
True
Is 9003859 composite?
False
Is 24175561 a composite number?
True
Is 62493289 composite?
True
Is 61572071 a composite number?
True
Is 2646374 prime?
False
Is 786307 a prime number?
True
Is 2214073 a prime number?
True
Is 22414057 composite?
True
Is 37341049 a composite number?
False
Is 45277093 composite?
False
Is 3794891 prime?
True
Is 12416759 composite?
False
Is 136721909 a prime number?
True
Is 11889737 prime?
False
Is 2903291 a prime number?
True
Is 2440177 composite?
False
Is 71135567 prime?
True
Is 38633986 a prime number?
False
Is 1793455 prime?
False
Is 55104569 prime?
False
Is 991972783 a prime number?
False
Is 9577927 prime?
True
Is 1429507 a prime number?
True
Is 2720771 a prime number?
False
Is 638292431 a prime number?
False
Is 3434999 a prime number?
False
Is 470861 prime?
False
Is 2139971 a prime number?
False
Is 301141 a prime number?
True
Is 16754341 a composite number?
False
Is 379133 a prime number?
True
Is 39173879 composite?
False
Is 314869 a prime number?
False
Is 3271427 composite?
True
Is 263760883 composite?
False
Is 51418511 a composite number?
False
Is 42933871 a prime number?
False
Is 80714203 prime?
True
Is 26856079 a composite number?
True
Is 4899803 a prime number?
True
Is 47083657 prime?
True
Is 2871013 prime?
True
Is 8693021 a prime number?
True
Is 13469699 prime?
False
Is 642825319 composite?
False
Is 143469359 composite?
True
Is 19385669 composite?
True
Is 31467467 a prime number?
True
Is 50835767 a composite number?
True
Is 55121035 a composite number?
True
Is 358571 prime?
True
Is 5638411 composite?
False
Is 8033209 a prime number?
True
Is 6958559 a prime number?
False
Is 691943 a prime number?
False
Is 1360277 composite?
False
Is 6015941 composite?
True
Is 2435507 a composite number?
True
Is 35332313 composite?
True
Is 211361921 prime?
True
Is 359905709 composite?
True
Is 5336953 prime?
True
Is 839099 a composite number?
True
Is 1049333 a composite number?
False
Is 5608927 prime?
False
Is 31467937 prime?
True
Is 74520217 a prime number?
True
Is 475280618 composite?
True
Is 194558927 a composite number?
False
Is 3225647 prime?
True
Is 16494391 a composite number?
False
Is 21647683 a composite number?
True
Is 26779193 a prime number?
False
Is 5224019 a composite number?
True
Is 50959163 composite?
False
Is 210738587 a composite number?
False
Is 12618989 a prime number?
True
Is 352679321 prime?
False
Is 176059045 composite?
True
Is 99946073 a prime number?
True
Is 341 a composite number?
True
Is 5515877 a composite number?
False
Is 197887 prime?
True
Is 14689839 composite?
True
Is 7825327 a composite number?
False
Is 102529649 a composite number?
False
Is 12180647 a composite number?
False
Is 33303251 prime?
True
Is 925823 a prime number?
True
Is 553309 composite?
False
Is 808501 prime?
False
Is 97073 prime?
True
Is 10354387 prime?
True
Is 134129 a prime number?
True
Is 973 composite?
True
Is 53705683 a composite number?
False
Is 252046117 a composite number?
False
Is 23152631 prime?
True
Is 1295783 a prime number?
True
Is 5388927 a prime number?
False
Is 141727979 a composite number?
False
Is 16837519 a prime number?
True
Is 53463601 composite?
False
Is 3040781 a prime number?
True
Is 247872991 composite?
True
Is 50941339 a composite number?
True
Is 373561571 prime?
True
Is 1640987 a composite number?
True
Is 2355011 prime?
True
Is 8709293 a composite number?
True
Is 2271957 a composite number?
True
Is 79089737 composite?
True
Is 1856581 a prime number?
True
Is 2492657 a composite number?
False
Is 143388901 a prime number?
False
Is 231599741 a prime number?
True
Is 12959561 a composite number?
False
Is 39672785 prime?
False
Is 8089619 composite?
False
Is 1593133 a prime number?
True
Is 2656741 a prime number?
False
Is 83997869 prime?
True
Is 152